891895?
False
Is 176201 a multiple of 2?
False
Is 26 a factor of 8476?
True
Is 825164 a multiple of 105?
False
Does 12 divide 92226?
False
Does 65 divide 36465?
True
Is 92293 a multiple of 61?
True
Is 30 a factor of 1672350?
True
Is 15805 a multiple of 2?
False
Is 6177810 a multiple of 1098?
False
Is 3050404 a multiple of 3?
False
Is 20178 a multiple of 4?
False
Does 52 divide 245898?
False
Is 1282804 a multiple of 38?
True
Is 503401 a multiple of 43?
True
Does 19 divide 21432?
True
Is 6 a factor of 5951730?
True
Is 244671 a multiple of 7?
True
Is 10 a factor of 2023278?
False
Does 161 divide 113344?
True
Does 61 divide 79788?
True
Is 75229 a multiple of 7?
True
Is 297 a factor of 9541?
False
Does 126 divide 67788?
True
Is 47 a factor of 78584?
True
Is 84 a factor of 2067331?
False
Is 8145 a multiple of 9?
True
Is 2025360 a multiple of 12?
True
Is 56668 a multiple of 31?
True
Is 26 a factor of 207948?
True
Is 21 a factor of 53655?
True
Is 50765 a multiple of 55?
True
Is 130 a factor of 365921?
False
Does 8 divide 9480?
True
Is 57 a factor of 2693193?
True
Does 258 divide 2917051?
False
Does 282 divide 347424?
True
Is 4271168 a multiple of 32?
True
Is 23 a factor of 14819038?
True
Is 395590 a multiple of 13?
True
Is 8 a factor of 152824?
True
Is 19712 a multiple of 4?
True
Does 367 divide 1371101?
False
Is 49120 a multiple of 16?
True
Is 13 a factor of 9922497?
True
Is 10 a factor of 3121451?
False
Is 1245381 a multiple of 23?
True
Is 77 a factor of 7264103?
True
Does 14 divide 15138?
False
Does 21 divide 157626?
True
Is 116 a factor of 59276?
True
Is 10 a factor of 728840?
True
Does 76 divide 40052?
True
Is 226366 a multiple of 37?
True
Is 193 a factor of 1343277?
False
Is 8291607 a multiple of 21?
False
Is 88 a factor of 166144?
True
Does 41 divide 185044?
False
Is 21 a factor of 24008?
False
Is 27 a factor of 259200?
True
Is 23 a factor of 181033?
True
Is 212786 a multiple of 14?
True
Does 373 divide 1407978?
False
Does 100 divide 1144200?
True
Is 185 a factor of 11145536?
False
Does 11 divide 1253155?
False
Does 155 divide 1554805?
True
Does 219 divide 893885?
False
Is 310 a factor of 141353?
False
Is 1377 a factor of 27741789?
False
Does 34 divide 4768704?
True
Is 105794 a multiple of 26?
True
Is 1698146 a multiple of 173?
False
Is 2485912 a multiple of 53?
True
Is 946305 a multiple of 235?
False
Is 6426989 a multiple of 1426?
False
Does 23 divide 5816286?
True
Does 78 divide 29328?
True
Is 705 a factor of 559770?
True
Is 532638 a multiple of 21?
False
Is 4546419 a multiple of 201?
True
Is 161 a factor of 8050?
True
Does 2 divide 68986?
True
Is 83400 a multiple of 30?
True
Is 91 a factor of 539349?
False
Is 918678 a multiple of 6?
True
Is 34 a factor of 17050858?
False
Is 2811710 a multiple of 12?
False
Does 41 divide 5567800?
True
Is 92 a factor of 350639?
False
Is 4 a factor of 1001398?
False
Is 665 a factor of 984475?
False
Is 628 a factor of 4309336?
True
Is 5 a factor of 2070?
True
Is 24 a factor of 822761?
False
Does 47 divide 184054?
False
Is 197693 a multiple of 17?
True
Is 4497495 a multiple of 308?
False
Is 179 a factor of 215874?
True
Is 60 a factor of 280440?
True
Is 67 a factor of 596769?
True
Does 165 divide 769253?
False
Does 554 divide 80884?
True
Is 227376 a multiple of 8?
True
Is 54075 a multiple of 21?
True
Is 271978 a multiple of 17?
False
Is 544434 a multiple of 24?
False
Is 25 a factor of 34779?
False
Is 13 a factor of 9402680?
False
Is 539280 a multiple of 18?
True
Does 60 divide 141195?
False
Is 190588 a multiple of 29?
True
Is 193505 a multiple of 65?
True
Is 360 a factor of 60209?
False
Is 439 a factor of 1022870?
True
Does 82 divide 5659?
False
Does 107 divide 103041?
True
Is 1555680 a multiple of 8?
True
Is 147 a factor of 80703?
True
Does 103 divide 838832?
True
Is 9936 a multiple of 8?
True
Is 203650 a multiple of 23?
False
Is 2752058 a multiple of 182?
False
Is 36450 a multiple of 6?
True
Is 65295 a multiple of 2?
False
Is 276360 a multiple of 420?
True
Does 463 divide 237722?
False
Is 73815 a multiple of 21?
True
Is 1057320 a multiple of 120?
True
Is 75900 a multiple of 50?
True
Does 40 divide 603600?
True
Is 1986596 a multiple of 9?
False
Is 798751 a multiple of 118?
False
Is 32 a factor of 40096?
True
Is 1023 a factor of 5586759?
False
Is 3 a factor of 794356?
False
Is 5454568 a multiple of 13?
False
Does 24 divide 474384?
True
Is 15 a factor of 9581775?
True
Does 16 divide 23995488?
True
Does 7 divide 55104?
True
Is 215622 a multiple of 11?
True
Is 88 a factor of 12195920?
True
Is 51640 a multiple of 9?
False
Is 278499 a multiple of 97?
False
Is 98 a factor of 163263?
False
Does 34 divide 913298?
False
Is 5534694 a multiple of 18?
True
Is 36 a factor of 3383299?
False
Does 2 divide 18779?
False
Does 867 divide 27025257?
True
Does 187 divide 280227?
False
Is 1428394 a multiple of 174?
False
Is 38238 a multiple of 566?
False
Is 7933905 a multiple of 315?
True
Is 73 a factor of 93751?
False
Is 12604725 a multiple of 105?
True
Is 2 a factor of 86944?
True
Does 131 divide 233484?
False
Is 11141012 a multiple of 702?
False
Is 471263 a multiple of 651?
False
Is 4853840 a multiple of 340?
True
Does 1475 divide 12024200?
True
Is 286122 a multiple of 86?
True
Is 235068 a multiple of 280?
False
Is 468937 a multiple of 217?
True
Is 11773273 a multiple of 12?
False
Does 8 divide 24464?
True
Is 51 a factor of 653922?
True
Is 239399 a multiple of 85?
False
Does 45 divide 81405?
True
Does 75 divide 922972?
False
Is 15 a factor of 5508630?
True
Is 9 a factor of 1596874?
False
Is 369 a factor of 1077849?
True
Does 133 divide 165718?
True
Does 238 divide 1057672?
True
Is 2350751 a multiple of 40?
False
Is 7 a factor of 201154?
False
Does 56 divide 2278622?
False
Is 229832 a multiple of 8?
True
Is 15 a factor of 263837?
False
Does 11 divide 184415?
True
Is 2480851 a multiple of 248?
False
Does 11 divide 1054519?
False
Does 61 divide 5380000?
False
Does 3 divide 255?
True
Does 40 divide 456020?
False
Is 66220 a multiple of 22?
True
Does 609 divide 12119321?
False
Does 25 divide 53258?
False
Is 1457138 a multiple of 34?
True
Is 21 a factor of 4224104?
False
Does 669 divide 2916840?
True
Does 17 divide 240380?
True
Is 220820 a multiple of 4?
True
Does 75 divide 940200?
True
Does 231 divide 3874481?
False
Does 157 divide 605042?
False
Is 452 a factor of 169952?
True
Is 38 a factor of 278008?
True
Is 83 a factor of 2960610?
True
Does 169 divide 946569?
True
Does 241 divide 1595412?
False
Does 13 divide 2730845?
True
Does 289 divide 301079?
False
Does 25 divide 17000?
True
Is 137 a factor of 659244?
True
Is 31 a factor of 828709?
False
Is 8 a factor of 1386753?
False
Is 9 a factor of 33751?
False
Is 18210488 a multiple of 102?
False
Is 98 a factor of 1810599?
False
Is 110658 a multiple of 33?
False
Is 1364960 a multiple of 190?
True
Is 2805 a multiple of 55?
True
Is 11 a factor of 32956?
True
Is 19 a factor of 1779863?
True
Is 151 a factor of 240713?
False
Is 26280 a multiple of 36?
True
Is 305957 a multiple of 15?
False
Is 991536 a multiple of 78?
True
Does 769 divide 805143?
True
Is 3 a factor of 4141254?
True
Is 152039 a multiple of 65?
False
Is 3187 a multiple of 2?
False
Is 6740000 a multiple of 500?
True
Does 325 divide 2729675?
True
Is 46 a factor of 969174?
True
Is 1102861 a multiple of 42?
False
Does 25 divide 440850?
True
Is 4716237 a multiple of 825?
False
Is 13 a factor of 15929637?
False
Does 112 divide 6099856?
True
Does 256 divide 281101?
False
Does 72 divide 260856?
True
Is 82954 a multiple of 19?
True
Does 6 divide 2165142?
True
Is 14504 a multiple of 3?
False
Is 3733660 a multiple of 7?
True
Does 33 divide 562815?
True
Is 1104635 a multiple of 259?
True
Does 24 divide 877168?
False
Is 482187 a multiple of 8?
False
Is 4177428 a multiple of 33?
False
Does 18 divide 606978?
True
Is 1869045 a multiple of 10?
False
Is 627 a factor of 4624669?
False
Is 1613 a factor of 13768115?
False
Is 560272 a multiple of 447?
False
Is 644274 a multiple of 369?
True
Does 41 divide 68693?
False
Is 1491 a factor of 16139968?
False
Does 582 divide 3572826?
False
Is 241489 a multiple of 8?
False
Does 1430 divide 6518678?
False
Is 18 a factor of 46160?
False
Is 15393588 a multiple of 1604?
True
Is 333 a factor of 2606391?
True
Is 68